{"id":870,"date":"2024-04-09T15:11:16","date_gmt":"2024-04-09T14:11:16","guid":{"rendered":"https:\/\/www.tagderehemaligen.de\/?page_id=870"},"modified":"2024-04-19T08:13:02","modified_gmt":"2024-04-19T07:13:02","slug":"alumni-portraets","status":"publish","type":"page","link":"https:\/\/www.tagderehemaligen.de\/english\/alumni-portraets\/","title":{"rendered":"Alumni-Portr\u00e4ts"},"content":{"rendered":"<div data-elementor-type=\"wp-page\" data-elementor-id=\"870\" class=\"elementor elementor-870\" data-elementor-post-type=\"page\">\n\t\t\t\t<div class=\"elementor-element elementor-element-2cd63c13 e-flex e-con-boxed e-con e-parent\" data-id=\"2cd63c13\" data-element_type=\"container\" data-settings=\"{&quot;background_background&quot;:&quot;gradient&quot;,&quot;shape_divider_bottom&quot;:&quot;opacity-fan&quot;}\">\n\t\t\t\t\t<div class=\"e-con-inner\">\n\t\t\t\t<div class=\"elementor-shape elementor-shape-bottom\" data-negative=\"false\">\n\t\t\t<svg xmlns=\"http:\/\/www.w3.org\/2000\/svg\" viewbox=\"0 0 283.5 19.6\" preserveaspectratio=\"none\">\n\t<path class=\"elementor-shape-fill\" style=\"opacity:0.33\" d=\"M0 0L0 18.8 141.8 4.1 283.5 18.8 283.5 0z\"\/>\n\t<path class=\"elementor-shape-fill\" style=\"opacity:0.33\" d=\"M0 0L0 12.6 141.8 4 283.5 12.6 283.5 0z\"\/>\n\t<path class=\"elementor-shape-fill\" style=\"opacity:0.33\" d=\"M0 0L0 6.4 141.8 4 283.5 6.4 283.5 0z\"\/>\n\t<path class=\"elementor-shape-fill\" d=\"M0 0L0 1.2 141.8 4 283.5 1.2 283.5 0z\"\/>\n<\/svg>\t\t<\/div>\n\t\t\t\t<div class=\"elementor-element elementor-element-6481e7e8 elementor-widget elementor-widget-heading\" data-id=\"6481e7e8\" data-element_type=\"widget\" data-widget_type=\"heading.default\">\n\t\t\t\t<div class=\"elementor-widget-container\">\n\t\t\t<style>\/*! elementor - v3.21.0 - 08-05-2024 *\/\n.elementor-heading-title{padding:0;margin:0;line-height:1}.elementor-widget-heading .elementor-heading-title[class*=elementor-size-]>a{color:inherit;font-size:inherit;line-height:inherit}.elementor-widget-heading .elementor-heading-title.elementor-size-small{font-size:15px}.elementor-widget-heading .elementor-heading-title.elementor-size-medium{font-size:19px}.elementor-widget-heading .elementor-heading-title.elementor-size-large{font-size:29px}.elementor-widget-heading .elementor-heading-title.elementor-size-xl{font-size:39px}.elementor-widget-heading .elementor-heading-title.elementor-size-xxl{font-size:59px}<\/style><h1 class=\"elementor-heading-title elementor-size-default\">ALUMNI PORTRAITS<br>\non University Website<\/h1>\t\t<\/div>\n\t\t\t\t<\/div>\n\t\t\t\t\t<\/div>\n\t\t\t\t<\/div>\n\t\t<div class=\"elementor-element elementor-element-5456a81 e-flex e-con-boxed e-con e-parent\" data-id=\"5456a81\" data-element_type=\"container\" data-settings=\"{&quot;background_background&quot;:&quot;classic&quot;}\">\n\t\t\t\t\t<div class=\"e-con-inner\">\n\t\t\t\t<div class=\"elementor-element elementor-element-3b7b1eee elementor-widget elementor-widget-heading\" data-id=\"3b7b1eee\" data-element_type=\"widget\" data-widget_type=\"heading.default\">\n\t\t\t\t<div class=\"elementor-widget-container\">\n\t\t\t<h2 class=\"elementor-heading-title elementor-size-default translation-block\">Mutual Learning and Inspiration<\/h2>\t\t<\/div>\n\t\t\t\t<\/div>\n\t\t<div class=\"elementor-element elementor-element-32003c e-flex e-con-boxed e-con e-child\" data-id=\"32003c\" data-element_type=\"container\" data-settings=\"{&quot;background_background&quot;:&quot;classic&quot;}\">\n\t\t\t\t\t<div class=\"e-con-inner\">\n\t\t\t\t<div class=\"elementor-element elementor-element-2fe20d4 elementor-widget elementor-widget-text-editor\" data-id=\"2fe20d4\" data-element_type=\"widget\" data-widget_type=\"text-editor.default\">\n\t\t\t\t<div class=\"elementor-widget-container\">\n\t\t\t<style>\/*! elementor - v3.21.0 - 08-05-2024 *\/\n.elementor-widget-text-editor.elementor-drop-cap-view-stacked .elementor-drop-cap{background-color:#69727d;color:#fff}.elementor-widget-text-editor.elementor-drop-cap-view-framed .elementor-drop-cap{color:#69727d;border:3px solid;background-color:transparent}.elementor-widget-text-editor:not(.elementor-drop-cap-view-default) .elementor-drop-cap{margin-top:8px}.elementor-widget-text-editor:not(.elementor-drop-cap-view-default) .elementor-drop-cap-letter{width:1em;height:1em}.elementor-widget-text-editor .elementor-drop-cap{float:left;text-align:center;line-height:1;font-size:50px}.elementor-widget-text-editor .elementor-drop-cap-letter{display:inline-block}<\/style>\t\t\t\t<p>Paderborn University would like to build a bridge between the generations of researchers. Therefore, they would like to portray you.<br \/>It would be wonderful if you could take the time to answer a few short questions via the link below - and provide them with a recent photo.<\/p><p>These portraits will be displayed (also in the long term) on the website of the Physics Department of Paderborn University.<\/p><ol><li class=\" translation-block\">Please, find the  <strong>questions<\/strong> here: <a href=\"https:\/\/forms.office.com\/e\/5VmUMJi8PW\" target=\"_blank\" rel=\"noopener\"><strong>https:\/\/forms.office.com\/e\/5VmUMJi8PW<\/strong><\/a><\/li><li>Kindly send a current <strong>photo<\/strong> by e-mail to Mr Dirk Waldhoff, who is responsible for posting the alumni portraits on the university website: <a href=\"mailto:dirk.waldhoff@upb.de\" target=\"_blank\" rel=\"noopener\"><strong>dirk.waldhoff@upb.de<\/strong><\/a><\/li><\/ol><p>Mr Waldhoff will also be happy to answer any questions you may have on 05251 60 2701.<\/p><p><strong>IMPORTANT:<\/strong> We take the protection of your data very seriously. Therefore, we will ask you to countersign Paderborn University's data protection regulations during the Alumni Weekend (<a href=\"https:\/\/www.tagderehemaligen.de\/wp-content\/uploads\/Dt_TRR-142_Alumni-Portraets_Informationspflichten_und_Einwilligungserklaerung_.pdf\" target=\"_blank\" rel=\"noopener\">German version<\/a>, <a href=\"https:\/\/www.tagderehemaligen.de\/wp-content\/uploads\/ENGL_TRR-142_Alumni-Portraets_Informationspflichten_und_Einwilligungserklaerung_.pdf\" target=\"_blank\" rel=\"noopener\">English version<\/a>) With your signature only, your alumni portrait can be pulished. You can find mor basic information on data protectioin at Paderborn University <a href=\"https:\/\/www.uni-paderborn.de\/datenschutzerklaerung\/\" target=\"_blank\" rel=\"noopener\">here<\/a>.<\/p><p>We are looking forward to your active participation in the \"Alumni Portrait\" project of the alumni of the \"Integrated Optics\" working group.<\/p>\t\t\t\t\t\t<\/div>\n\t\t\t\t<\/div>\n\t\t\t\t\t<\/div>\n\t\t\t\t<\/div>\n\t\t\t\t\t<\/div>\n\t\t\t\t<\/div>\n\t\t\t\t<\/div>","protected":false},"excerpt":{"rendered":"<p>ALUMNI-PORTR\u00c4TS auf der Uni-Website Voneinander lernen, sich gegenseitig inspirieren Gerne m\u00f6chte die Universit\u00e4t Paderborn eine Br\u00fccke schlagen zwischen den Forscher-Generationen. Dazu m\u00f6chte diese Sie gerne portr\u00e4tieren.Es w\u00e4re wunderbar, wenn Sie sich die Zeit nehmen, \u00fcber den nachfolgenden Link einige kurze Fragen zu beantworten \u2013 und der Uni ein aktuelles Foto zur Verf\u00fcgung stellen. Diese Portr\u00e4ts [&hellip;]<\/p>","protected":false},"author":3,"featured_media":0,"parent":0,"menu_order":0,"comment_status":"closed","ping_status":"closed","template":"","meta":{"footnotes":""},"_links":{"self":[{"href":"https:\/\/www.tagderehemaligen.de\/english\/wp-json\/wp\/v2\/pages\/870"}],"collection":[{"href":"https:\/\/www.tagderehemaligen.de\/english\/wp-json\/wp\/v2\/pages"}],"about":[{"href":"https:\/\/www.tagderehemaligen.de\/english\/wp-json\/wp\/v2\/types\/page"}],"author":[{"embeddable":true,"href":"https:\/\/www.tagderehemaligen.de\/english\/wp-json\/wp\/v2\/users\/3"}],"replies":[{"embeddable":true,"href":"https:\/\/www.tagderehemaligen.de\/english\/wp-json\/wp\/v2\/comments?post=870"}],"version-history":[{"count":35,"href":"https:\/\/www.tagderehemaligen.de\/english\/wp-json\/wp\/v2\/pages\/870\/revisions"}],"predecessor-version":[{"id":1408,"href":"https:\/\/www.tagderehemaligen.de\/english\/wp-json\/wp\/v2\/pages\/870\/revisions\/1408"}],"wp:attachment":[{"href":"https:\/\/www.tagderehemaligen.de\/english\/wp-json\/wp\/v2\/media?parent=870"}],"curies":[{"name":"wp","href":"https:\/\/api.w.org\/{rel}","templated":true}]}}